the prime factors of 135703.
97, 1399
List the prime factors of 490291.
23, 21317
List the prime factors of 246643.
246643
List the prime factors of 7761807.
3, 862423
What are the prime factors of 58011?
3, 61, 317
List the prime factors of 400293.
3, 79, 563
What are the prime factors of 134962?
2, 67481
List the prime factors of 434056.
2, 7, 23, 337
What are the prime factors of 1457511?
3, 11, 29, 1523
What are the prime factors of 111685?
5, 7, 3191
What are the prime factors of 550011?
3, 7, 11, 2381
What are the prime factors of 410113?
11, 23, 1621
List the prime factors of 823989.
3, 349, 787
What are the prime factors of 23868136?
2, 17, 223, 787
List the prime factors of 1079087.
1079087
What are the prime factors of 324839?
324839
List the prime factors of 9839872.
2, 7, 17, 19
What are the prime factors of 3534970?
2, 5, 83, 4259
List the prime factors of 165007.
157, 1051
List the prime factors of 619580.
2, 5, 13, 2383
What are the prime factors of 289404?
2, 3, 8039
List the prime factors of 247424.
2, 1933
What are the prime factors of 10215848?
2, 37, 34513
List the prime factors of 1882433.
7, 41, 937
What are the prime factors of 7173959?
13, 551843
List the prime factors of 2981462.
2, 11, 53, 2557
List the prime factors of 132640.
2, 5, 829
List the prime factors of 763235.
5, 11, 13877
List the prime factors of 411490.
2, 5, 41149
What are the prime factors of 425296?
2, 19, 1399
List the prime factors of 2962252.
2, 19, 38977
List the prime factors of 3942980.
2, 5, 17, 11597
What are the prime factors of 8430863?
7, 1204409
What are the prime factors of 983337?
3, 327779
List the prime factors of 2750856.
2, 3, 61, 1879
List the prime factors of 11223002.
2, 7, 829, 967
List the prime factors of 5723367.
3, 13, 101, 1453
What are the prime factors of 427376?
2, 26711
What are the prime factors of 13866608?
2, 7, 23, 769
What are the prime factors of 10908120?
2, 3, 5, 90901
List the prime factors of 5503407.
3, 7, 13, 19, 1061
What are the prime factors of 124211?
223, 557
List the prime factors of 234971.
11, 41, 521
List the prime factors of 4032870.
2, 3, 5, 179, 751
List the prime factors of 1311079.
7, 11, 17027
What are the prime factors of 5397568?
2, 11, 17, 41
What are the prime factors of 4308231?
3, 19, 75583
What are the prime factors of 4224020?
2, 5, 127, 1663
What are the prime factors of 436442?
2, 47, 4643
What are the prime factors of 5193592?
2, 499, 1301
What are the prime factors of 24230?
2, 5, 2423
List the prime factors of 973393.
89, 10937
What are the prime factors of 2276372?
2, 7, 81299
What are the prime factors of 168120?
2, 3, 5, 467
What are the prime factors of 2206348?
2, 551587
What are the prime factors of 1207536?
2, 3, 11, 2287
List the prime factors of 353930.
2, 5, 35393
What are the prime factors of 14352266?
2, 7176133
What are the prime factors of 14348282?
2, 13, 179, 3083
What are the prime factors of 16037444?
2, 19, 89, 2371
List the prime factors of 290802.
2, 3, 17, 2851
What are the prime factors of 3329712?
2, 3, 19, 1217
What are the prime factors of 15721864?
2, 73, 26921
What are the prime factors of 277770?
2, 3, 5, 47, 197
List the prime factors of 4852450.
2, 5, 107, 907
What are the prime factors of 183232?
2, 7, 409
What are the prime factors of 9150002?
2, 4575001
What are the prime factors of 884905?
5, 7, 131, 193
List the prime factors of 23647854.
2, 3, 31, 127139
What are the prime factors of 360071?
360071
List the prime factors of 8609491.
11, 29, 137, 197
What are the prime factors of 16015800?
2, 3, 5, 26693
List the prime factors of 207856.
2, 11, 1181
List the prime factors of 4463238.
2, 3, 13, 57221
What are the prime factors of 341339?
341339
What are the prime factors of 5354739?
3, 13, 45767
List the prime factors of 3217727.
3217727
What are the prime factors of 4769841?
3, 53, 131, 229
What are the prime factors of 937007?
937007
List the prime factors of 309092.
2, 7, 19, 83
What are the prime factors of 12011483?
11, 41, 26633
List the prime factors of 1459152.
2, 3, 10133
List the prime factors of 1831708.
2, 61, 7507
What are the prime factors of 25824?
2, 3, 269
List the prime factors of 188607.
3, 62869
List the prime factors of 69341.
69341
What are the prime factors of 2157743?
7, 308249
List the prime factors of 74947.
149, 503
List the prime factors of 10444083.
3, 13, 267797
What are the prime factors of 3240431?
19, 29, 5881
List the prime factors of 173313.
3, 7, 131
What are the prime factors of 2386881?
3, 7, 73, 173
What are the prime factors of 2689909?
53, 50753
What are the prime factors of 12285604?
2, 1373, 2237
List the prime factors of 1956690.
2, 3, 5, 7247
What are the prime factors of 16170193?
13, 43, 28927
List the prime factors of 443534.
2, 7, 13, 2437
What are the prime factors of 894234?
2, 3, 11, 17, 797
List the prime factors of 159758.
2, 23, 151
List the prime factors of 1354283.
7, 193469
List the prime factors of 1212800.
2, 5, 379
List the prime factors of 28370242.
2, 14185121
What are the prime factors of 24419146?
2, 23, 530851
List the prime factors of 679329.
3, 7, 41, 263
What are the prime factors of 25330622?
2, 12665311
What are the prime factors of 1029145?
5, 13, 71, 223
What are the prime factors of 1014730?
2, 5, 17, 47, 127
List the prime factors of 2037963.
3, 79, 8599
List the prime factors of 8276114.
2, 7, 11, 61, 881
List the prime factors of 3463280.
2, 5, 43291
What are the prime factors of 1931555?
5, 71, 5441
What are the prime factors of 745813?
349, 2137
List the prime factors of 17968170.
2, 3, 5, 11, 54449
What are the prime factors of 14370369?
3, 13, 368471
List the prime factors of 4117923.
3, 457547
List the prime factors of 4177361.
191, 21871
List the prime factors of 895625.
5, 1433
What are the prime factors of 438266?
2, 219133
What are the prime factors of 5602399?
11, 239, 2131
What are the prime factors of 12711533?
83, 153151
What are the prime factors of 28351512?
2, 3, 7, 17, 1103
List the prime factors of 250637.
53, 4729
List the prime factors of 2404485.
3, 5, 1979
What are the prime factors of 5161?
13, 397
List the prime factors of 742933.
83, 8951
What are the prime factors of 19092486?
2, 3, 7, 233, 1951
What are the prime factors of 287343?
3, 7, 4561
List the prime factors of 5740.
2, 5, 7, 41
What are the prime factors of 360887?
167, 2161
List the prime factors of 13381565.
5, 2676313
What are the prime factors of 738729?
3, 79, 1039
What are the prime factors of 35347?
13, 2719
List the prime factors of 9839.
9839
List the prime factors of 338941.
19, 17839
List the prime factors of 397429.
397429
List the prime factors of 8906798.
2, 4453399
What are the prime factors of 2156005?
5, 29, 14869
What are the prime factors of 13706923?
19, 131, 5507
What are the prime factors of 5959547?
11, 541777
What are the prime factors of 9403250?
2, 5, 29, 1297
What are the prime factors of 171204?
2, 3, 11, 1297
List the prime factors of 2559278.
2, 431, 2969
What are the prime factors of 28357?
7, 4051
List the prime factors of 11829665.
5, 47, 71, 709
List the prime factors of 878497.
29, 30293
List the prime factors of 2185361.
19, 115019
What are the prime factors of 991340?
2, 5, 7, 73, 97
List the prime factors of 2621441.
131, 20011
What are the prime factors of 1570089?
3, 29, 18047
List the prime factors of 5209177.
5209177
List the prime factors of 86490.
2, 3, 5, 31
What are the prime factors of 3250348?
2, 812587
List the prime factors of 8631.
3, 7, 137
List the prime factors of 6211764.
2, 3, 13, 1021
List the prime factors of 4787657.
7, 23, 131, 227
List the prime factors of 3856171.
11, 350561
What are the prime factors of 173421?
3, 2141
List the prime factors of 1406526.
2, 3, 11, 101, 211
What are the prime factors of 131908?
2, 7, 673
What are the prime factors of 2100176?
2, 13, 23, 439
List the prime factors of 9266670.
2, 3, 5, 7, 4903
List the prime factors of 266770.
2, 5, 7, 37, 103
What are the prime factors of 627426?
2, 3, 1291
List the prime factors of 20656361.
11, 547, 3433
What are the prime factors of 17470?
2, 5, 1747
What are the prime factors of 319092?
2, 3, 26591
What are the prime factors of 2064572?
2, 23, 22441
Wha